0. What are the prime factors of u?
5, 7
Suppose -4*k - 18 + 46 = 0. Suppose k*f + 30 = 2*f. List the prime factors of 53 - -3 - -2*(-9)/f.
59
What are the prime factors of 30110/14 + 376/1316?
3, 239
Let c = 16227 + -9617. What are the prime factors of c?
2, 5, 661
Suppose 3*c - 2*l - 1 = 11, -5*c - 5*l = -20. Suppose 4 = -4*n, -1657 = -3*j + 8*n - c*n. What are the prime factors of j?
19, 29
List the prime factors of (31 - (28 + -3)) + 24048 + -1.
67, 359
Suppose -4*h - 15753 = -3*y - 6*h, -26268 = -5*y + h. What are the prime factors of y?
3, 17, 103
Let i(u) = -355*u - 702. Let h(c) = -88*c - 176. Let a(y) = 9*h(y) - 2*i(y). What are the prime factors of a(-22)?
2, 7, 29
Let t(a) = -3*a**2 - a. Let l(f) = -3*f**2 + 2*f - 36. Let x(q) = l(q) - 2*t(q). What are the prime factors of x(6)?
2, 3
Let h(u) = -9*u**3 - 10*u**2 + 65*u - 203. What are the prime factors of h(-15)?
26947
Suppose -7*l - 3*l = -40. Suppose -5*r + l*s + 2550 = 0, -3*s = -5*r - 5*s + 2550. What are the prime factors of r?
2, 3, 5, 17
What are the prime factors of 1988/42*15*16?
2, 5, 71
Let k = 3733 - 2616. Let r = 2410 - k. List the prime factors of r.
3, 431
Suppose -3*g + 3623 = -15748. What are the prime factors of g?
11, 587
Suppose 27385 = 4*x - y, 0 = -4*x + 4*y + 11787 + 15589. What are the prime factors of x?
41, 167
Let a = 94 + -95. What are the prime factors of (0 + (41 - a))*(21 + 2)?
2, 3, 7, 23
Suppose 19 + 19 = -2*f. Let p = f + 22. Suppose 17 - 440 = -p*d. List the prime factors of d.
3, 47
Let w be (75/(-30))/((-5)/8). Let x(n) = -37*n + 4. Let r be x(-8). Suppose r = -a + w*a. What are the prime factors of a?
2, 5
Let l(u) = -2*u**2 - 19*u - 4. Let q be l(-9). List the prime factors of (-1)/q - (-355)/25.
2, 7
Let f be (6/4)/(-5 + 11/2). Suppose 0 = 3*l + 2*d - 3 - 19, -3*l + f*d = 3. Suppose -5*u + 2*h - 3*h = -290, 4*u - 232 = l*h. What are the prime factors of u?
2, 29
Let m(g) be the third derivative of -g**6/120 - g**5/60 + 3*g**4/8 + 7*g**3/6 - 60*g**2 + 2*g. Suppose 3*x + 11 + 4 = 0. What are the prime factors of m(x)?
2, 31
Let b be (108/(-18))/(3/(-4)). Suppose -4*g = -b*g + 964. List the prime factors of g.
241
Let x(b) = 2*b - 16. Let u be x(11). Suppose -9*o = -6 + u. Suppose o = -8*z + 6*z + 24. What are the prime factors of z?
2, 3
Suppose -85*l + 2390565 = 120*l - 50*l. What are the prime factors of l?
3, 53, 97
Let q be (-5971)/(-21) - ((-4)/3)/2. Suppose 3*d - 2*t = -d + 214, 5*d = -t + q. What are the prime factors of d?
2, 7
Let a(w) be the third derivative of 0*w**4 + 1/30*w**5 - 1/3*w**3 - 11/120*w**6 - 16*w**2 + 0 + 0*w. List the prime factors of a(-2).
2, 47
What are the prime factors of (479 - 2)/(128/2432)?
3, 19, 53
Suppose 18*v - 61 - 11 = 0. Suppose g - 197 = 5*p, -v*g - p + 804 = -5*p. What are the prime factors of g?
2, 101
Let m = -54 + 58. Suppose m = -2*f - 2, f - 232 = -5*i. Let c = 97 - i. What are the prime factors of c?
2, 5
Let d = -76 - -80. Suppose d*i - 1177 = 1091. Suppose i = 3*x + 3*n, 4*x = -n + 6*n + 738. List the prime factors of x.
11, 17
Suppose x = 894*a - 892*a + 6523, -6525 = -x + 3*a. What are the prime factors of x?
3, 41, 53
Let a(i) = 8*i + 38. Let d be a(-6). Let f be 320/(-6)*48/d. Suppose 17*s = 16*s + f. What are the prime factors of s?
2
Let u be 1236/3 + (-6)/2. Suppose 1147 = 4*i - u. What are the prime factors of i?
389
Let x(q) be the third derivative of -q**5/60 - 5*q**4/12 - 11*q**3/3 - 29*q**2. Let m be x(-11). List the prime factors of (m*2 + -4)*-2.
2, 5, 7
Suppose 35*b - 49*b = -134946. What are the prime factors of b?
3, 7, 17
Let t = 451 - 445. Suppose -t*o + 8429 - 1613 = 0. List the prime factors of o.
2, 71
Let p be (-1)/((-29)/15 + 2). Let n(v) = -v**3 - 221*v**2 + 13 - 4*v - 3*v + 206*v**2. List the prime factors of n(p).
2, 59
Let z be (-78)/5 + 120/(-300). List the prime factors of (10892/z)/(-7) - 2/8.
97
Let n(b) = b**2 + 5*b - 18. Let r be n(6). Suppose -4*p = 2*i - r, 60 = 3*p + 2*p + 3*i. Suppose 567 = p*o - 9*o. What are the prime factors of o?
3, 7
Let o = -388 - -392. What are the prime factors of 168/(-126)*(-1 - 1685/o)?
563
Let i(j) = 4*j**2 + j - 26. List the prime factors of i(-8).
2, 3, 37
Let f = -41 - -44. Let r be 91/14 + f/(-6). Suppose 0 = 3*t - r*t + 141. What are the prime factors of t?
47
Suppose -3*n + 36306 + 27723 = 1143. List the prime factors of n.
2, 47, 223
Suppose 29*q + 11*q + q - 413936 = 0. List the prime factors of q.
2, 631
Let o(n) = -7*n**3 + 14*n**2 + 13*n + 126. Let u be o(-23). Suppose 8*w = 55*w - u. What are the prime factors of w?
2, 983
Suppose 5*u - 12017 = 3*b, -2*b = 923*u - 924*u + 2402. List the prime factors of u.
2, 601
Let s = 235 - 233. Suppose 5*a - s*f = 1676, -17 = -3*f - 11. List the prime factors of a.
2, 3, 7
Let x(m) = 4*m + 10. Let u be -6*1/((-15)/10). Let j be x(u). Suppose 0 = 3*w + 15, -3*c + 85 + j = -3*w. List the prime factors of c.
2
Suppose -5*p - a = -232626, -57*p - 2*a = -62*p + 232653. List the prime factors of p.
3, 13, 1193
Let o(s) = -s**3 + 13*s**2 - 2*s + 32. Let i = 20 - 7. Let c be o(i). Suppose -b - a - 25 = -104, 0 = 2*a - c. List the prime factors of b.
2, 19
Let l(i) = -530*i - 1916. List the prime factors of l(-8).
2, 7, 83
Suppose 5*m = 10*m - 2*z - 6219, 3*m + 3*z = 3744. Suppose -4*v = -211 - m. List the prime factors of v.
2, 7, 13
Let x(r) = 3*r**3 - 26*r**2 + r - 7. Let a be x(7). Let g be 1146/(-8) + (-4)/(-16). Let w = g - a. What are the prime factors of w?
2, 3, 17
Let m(c) = 4*c**2 + 17*c - 16. Let a = -219 + 29. Let s be (4/5)/(19/a). What are the prime factors of m(s)?
2, 13
Suppose -2644 = -5*r + 30441. List the prime factors of r.
13, 509
Let i(u) = u**3 + 9*u**2 - 2*u - 7. Let p be i(-9). Suppose 0 = -6*g + p + 13. Suppose -g*o = -o - 243. List the prime factors of o.
3
Suppose 3*n - o - 9462 - 2202 = 0, 0 = 3*n - 3*o - 11670. Let m = n - 2561. Suppose -5*p - 406 + m = 0. List the prime factors of p.
2, 23
Let n(q) = 3*q**2 + 7891. What are the prime factors of n(0)?
13, 607
Let h(t) = 7*t**2 - 3*t + 6. Let m(i) = i**3 + 8*i**2 - 4*i + 5. Let u(q) = 4*h(q) - 3*m(q). Let w be u(4). What are the prime factors of (-9506)/w + 4/34?
2, 5
Suppose 0 = -2*r - 3*i - 602, 4*r + 4*i + 1204 = -0*r. Let a = 1258 + r. What are the prime factors of a?
3, 11, 29
Suppose -4729 = 5*u - 3*k, -43*u = -44*u + k - 945. Let x = 1881 + u. List the prime factors of x.
2, 467
Let i(j) = -148*j + 774. What are the prime factors of i(-19)?
2, 11, 163
Suppose 3*b - 2 = 19. What are the prime factors of (32 - 5) + 3 - (b + -2)?
5
Let n = 117683 + -60653. What are the prime factors of n?
2, 3, 5, 1901
Suppose 5*f - 5*z = 3320, -654 = -2*f + 5*z + 674. Suppose 9*h - 2*c + f = 11*h, 4*h - 1334 = -c. What are the prime factors of h?
2, 167
Let c = -378 + 938. List the prime factors of (12 + c/(-50))*(-3415)/(-2).
2, 683
Let v = -23 - -15. Let t = 12 - v. Let g = t + -14. List the prime factors of g.
2, 3
List the prime factors of (-2973450)/(-70) - (-6)/(1 + 41).
2, 67, 317
Let u(p) = 8*p - 44. Let i be u(6). Suppose i*x - s - 569 = 2*s, -718 = -5*x - 3*s. List the prime factors of x.
11, 13
Suppose x - 5*q = 60 + 9, -129 = -2*x + q. Suppose -844 = -x*g + 62*g. Let w = -251 + g. List the prime factors of w.
3, 19
Let i = -10297 + 21519. List the prime factors of i.
2, 31, 181
Suppose -2*s = -5*v + 106821, 19021 = 4*v + 4*s - 66419. List the prime factors of v.
3, 7121
Let w(t) = -31220*t - 408. List the prime factors of w(-2).
2, 3877
Let g(m) = 87*m + 8. Let q be -6 + (-2 - -6) + 1 - -3. What are the prime factors of g(q)?
2, 7, 13
Let j(p) = 10*p - 8. Let o be j(1). Suppose -2*x = -m - 3474, -o*m = 5*x - 0*m - 8694. What are the prime factors of x?
2, 11, 79
Let b be (-46)/(-14) + 8/(-28). Suppose -b*k + 14 = -v, 20 = 4*k + k - v. Suppose -k*m + 9 = 0, -5*h = 2*m + 89 - 280. List the prime factors of h.
37
Let i(u) = u**3 + 12*u**2 - 29*u - 6. Let n be i(-14). Let v = n + 292. List the prime factors of v.
2, 3, 5
Suppose 11*q - 26738 = -5*w + 12*q, w + 6*q = 5360. List the prime factors of w.
2, 7, 191
Let x(r) = 13 + 11*r**2 + 9*r - 9*r**2 - r**3 + 19*r**2. List the prime factors of x(21).
2, 101
Let k(c) = -515*c**3 - c**2 + 2. Let v(i) = -i**3 - 3*i**2 - 3*i - 29. Let d be v(-4). List the prime fac